6
Suppose -6 = 2*q, 2*w - 6*q + 2*q - 92 = 0. Calculate the highest common factor of 10 and w.
10
Suppose -k + 15 = 4*k. Suppose 4*m = 3*s + 58, -k*s - 1 = -m + 9. Let o = m - -14. Calculate the greatest common divisor of o and 75.
15
Let y(a) = 2*a**2 + 4*a + 3. Let f be y(-2). Suppose 3*b - 5*b + 6 = 0. Suppose -p = -b*p + 18. What is the greatest common factor of f and p?
3
Let o = 40 - 29. Suppose -y + 3 + o = 0. What is the highest common factor of y and 154?
14
Let j(c) = c**3 + 10*c**2 - 5. Let b be j(-8). Let q be (-1)/(((-2)/b)/(-2)). Let r = q - -211. What is the highest common factor of 11 and r?
11
Suppose -2*j + 0*j + 48 = 0. Suppose -j = -0*y - 2*y. Calculate the highest common divisor of 108 and y.
12
Let n = 17 + -11. Let b be (24 - 0)*(-5)/(-5). Calculate the highest common factor of n and b.
6
Suppose -3*m + s = -m - 5, 0 = 3*m + s - 5. Calculate the highest common factor of 32 and m.
2
Suppose 2*i = -d + 7, 10*d - 5*d = 2*i - 13. Suppose 20 = i*t + 8. Calculate the greatest common divisor of t and 21.
3
Let k = -1 - -4. Suppose 0 = -n - 5*b + 21, 0*b = -3*b - k. What is the greatest common factor of 65 and n?
13
Let f = 39 + -3. Let n be (-6 - -2) + 9 + 4. What is the greatest common factor of n and f?
9
Suppose 7 = 2*u - 3. Suppose -3*a + 48 = 3*q - 0*a, 0 = u*q + 2*a - 65. What is the highest common divisor of q and 11?
11
Suppose 2*x - x - 10 = 0. Calculate the highest common factor of x and 90.
10
Let v be (-5 + 1 - 12)/(-2). Calculate the greatest common divisor of 28 and v.
4
Suppose 0 = -4*l + 298 + 346. What is the greatest common divisor of 23 and l?
23
Suppose 5*m = o - 4*o + 98, -34 = -m + 3*o. Suppose n - m = -2. Calculate the greatest common divisor of 30 and n.
10
Let s be 10/(-45) + 4/72*1246. Let t(z) = z**2 + z - 7. Let n be t(5). What is the highest common factor of s and n?
23
Let l be (-6)/(-2) - 1 - 6. Let a be (80/(-12))/(l/42). Calculate the greatest common divisor of 10 and a.
10
Suppose -y = 2*y - 12. What is the greatest common divisor of 12 and y?
4
Suppose -17 = -4*r + 19. What is the highest common divisor of r and 1?
1
Suppose -3*o - 2*g = -6*g - 32, 3*g - 18 = -3*o. Suppose 2*u + 108 + 343 = 3*h, 0 = -2*u + o. Calculate the highest common divisor of 17 and h.
17
Let f be 120 + ((-2)/(-4))/(6/(-12)). What is the highest common divisor of f and 17?
17
Let s = 176 + -41. Calculate the greatest common divisor of s and 45.
45
Let p be ((-2)/4)/(2/(-12)). Suppose -5*z = -3*z + 2*r - 24, -3*r - 28 = -5*z. Let y = z - p. What is the greatest common factor of y and 5?
5
Let h(o) = -8*o - 8. Let p be h(-7). Calculate the highest common divisor of 36 and p.
12
Let s(p) = -10*p. Let h be s(-1). Let c be 0*((-5)/2 - -2). Suppose c*i - 10 = -i. Calculate the highest common factor of h and i.
10
Let p be (8 + -2)/(5 - 3). What is the greatest common divisor of 1 and p?
1
Let p be ((-24)/(-20))/((-1)/(-30)). Let k(j) = j**2 - 4*j - 1. Let w be k(5). What is the greatest common factor of p and w?
4
Let w = 18 + -9. Suppose a + 0 = w. What is the highest common divisor of 9 and a?
9
Let j be 20/6*27/15. Calculate the highest common divisor of j and 3.
3
Let z = 166 + -109. What is the greatest common factor of 38 and z?
19
Let j(t) = -t**2 - 17*t - 7. Let c be j(-8). Calculate the highest common divisor of c and 13.
13
Let h = -4 + 19. Let z(y) = y**3 + 5*y**2 + 2*y - 2. Let l be z(-4). Let d(r) = 21*r - 6. Let k be d(l). Calculate the highest common divisor of h and k.
15
Suppose -3*k - 10 = -1. Let n be -1*(0 - k) + 9. Calculate the greatest common divisor of n and 30.
6
Let p = 38 + -19. What is the greatest common divisor of p and 114?
19
Suppose 0*v - 4*v - d = -78, 0 = 5*v + d - 97. Let b = v + -9. Calculate the greatest common factor of 40 and b.
10
Suppose -5*v - 17 = -m - 2*m, -4*m + 14 = 2*v. Calculate the highest common factor of 4 and m.
4
Suppose 151 = 2*u - 21. Let p = 218 - u. Let m be (-24)/14*(-7 + 0). Calculate the greatest common divisor of m and p.
12
Suppose 18 = 3*u - b, -2*b - 32 = -5*u - b. Suppose -2*n = -137 + 29. Let x be (n/12)/((-2)/(-28)). Calculate the greatest common factor of u and x.
7
Let o = 253 + -145. Calculate the highest common factor of 12 and o.
12
Suppose 19*o - 15*o = 36. What is the highest common factor of 18 and o?
9
Let n = -63 + 75. Let w(y) = -3*y. Let r be w(-1). Suppose l = r*p - 0*p - 38, 2*p - 30 = 3*l. Calculate the highest common factor of p and n.
12
Suppose -v + 21 = 4*s, 3*v - 11 = -3*s + 4*s. Calculate the highest common divisor of s and 36.
4
Let n = 8 - 10. Let a be ((-8)/1)/n - 0. Calculate the highest common divisor of a and 4.
4
Suppose -c + 3*n = -102, 5*c - n - 433 = 91. What is the highest common factor of c and 15?
15
Suppose 4 + 6 = r. What is the greatest common factor of 30 and r?
10
Let h = -5 - -16. Suppose -2*t + 101 - 13 = 0. What is the greatest common factor of h and t?
11
Let v(m) = m**2 + 3*m - 6. Let p be v(-5). Suppose 2*x + 6 = n - 0*x, x - 12 = -2*n. What is the highest common factor of p and n?
2
Let c = -27 - -26. Let n be ((-5)/(-2) + -2)*4. Let b be (n + (-1 - c))*1. What is the highest common factor of 4 and b?
2
Let n be (-3 + (-41)/(-5))*-5. Let x = 44 + n. Calculate the greatest common divisor of 45 and x.
9
Let b(y) = y**3 - 5*y**2 - 7*y + 9. Let f = -2 + 8. Let k be b(f). Let a be (1 - -2)*2/k. Calculate the highest common factor of a and 2.
2
Let u(z) = -12*z**2 + 3*z + 1. Let v(d) = d**2. Let p(g) = -u(g) - 5*v(g). Let x be p(-2). What is the greatest common divisor of x and 22?
11
Let p be ((-13)/(-3))/((-9)/27). Let g be (p + 5)*(-27)/4. What is the highest common factor of 6 and g?
6
Let p be 3*-40*(-2)/4. Suppose c = 2*f + 9, 4*f + 13 = -3*c + p. Let z be 116 + (2 + -3)*-1. What is the highest common factor of z and c?
13
Suppose a - 5 = -2. What is the greatest common divisor of a and 3?
3
Let w(j) = -2*j**2 + 5*j**3 - 7 - 4*j**3 + 9*j + 12*j**2. Let z = -7 + 0. Let i be w(z). What is the highest common factor of i and 11?
11
Let k(p) = -p**3 - 8*p**2 + 18*p + 20. Let f be k(-10). What is the greatest common divisor of 5 and f?
5
Suppose 0 = -v + 2*a + 29, 0 = 6*v - 5*v + a - 38. What is the greatest common factor of v and 7?
7
Let h = 95 - -69. Calculate the highest common divisor of h and 41.
41
Let y(u) be the third derivative of u**5/20 - u**3/2 - 5*u**2. Let g be y(-4). What is the greatest common divisor of 9 and g?
9
Let u(r) = r**2 - 8*r - 4. Let b be u(6). Suppose 2*v - l + 5*l = -12, 5*v - 3*l = -30. Let y be v/(-1)*b/(-6). What is the greatest common divisor of y and 4?
4
Let i = 338 - 198. Suppose -i - 420 = -4*g. Calculate the highest common factor of 20 and g.
20
Suppose b - 58 = -2*v, -3*b + 235 = b + 5*v. Suppose -x - b = -4*x. Suppose -4*y + 8 = -24. What is the greatest common divisor of x and y?
4
Let n = 155 + -121. What is the highest common divisor of 17 and n?
17
Suppose -5*y = -3*g - 0*g + 16, 4*g + 2*y - 4 = 0. Let d(u) = 2 - 4*u + g*u**2 + 5 - 4. Let p be d(2). Calculate the greatest common factor of 33 and p.
3
Let s be -2 - (1 + -2) - -1. Suppose s*i = -5*i + 25. What is the highest common factor of 5 and i?
5
Let z(t) = t**3 - 7*t**2 + 6*t + 2. Let c be z(6). Let w be ((-2)/c)/(4/(-40)). Suppose -u = -w - 2. What is the highest common divisor of u and 120?
12
Let g be 23/1*35/(-15)*-3. Calculate the greatest common divisor of g and 23.
23
Let t(x) = -4*x - 86. Let s be t(-27). What is the highest common factor of 242 and s?
22
Let p be 6/(3/((-30)/(-4))). Suppose 592 = 5*u - 83. What is the greatest common factor of p and u?
15
Let u = 155 - 2. What is the highest common divisor of 17 and u?
17
Let q(w) = -8*w + w**2 - 1 + 10*w**2 - 6 - w**2 - w**3. Let u be q(9). What is the highest common divisor of u and 10?
2
Let t = -70 + 125. Suppose 8*u - t = 3*u + 4*d, 2*u - 22 = -4*d. Let g be 122 + (-2)/(0 - -2). Calculate the highest common factor of g and u.
11
Let j = 11 + -2. Let f be (16/4)/8*4. Let d be f/4*54/j. Calculate the greatest common divisor of 15 and d.
3
Let u be (-2 + 1)*-7*1. Let k(j) be the first derivative of 7*j**2/2 + 3. Let m be k(2). Calculate the highest common factor of m and u.
7
Let d be 0/(3 + 10/(-2)). Let h be -3 - (-1 + -18 + d). Calculate the greatest c